 0*t**3 + 0 + 0*t. Let x be z(-3). Give v(x).
-6
Suppose 0 - 27 = -5*r - 3*h, h + 8 = 4*r. Suppose r*u + 24 = u - 4*k, 9 = -3*k. Let x(j) = j**3 + 7*j**2 + 6*j + 6. What is x(u)?
6
Let u(c) = -c**2 - 5*c - 3. Let h(a) = -9*a - 3. Let i be h(0). Give u(i).
3
Let k(t) = -2 + 0*t + 4 + 5*t - 1 + 13*t. What is k(1)?
19
Let u(v) = 11*v - 1. Suppose 6*g - 4*g + 12 = 0. Let m be (-4)/g - ((-36)/27)/4. What is u(m)?
10
Let o(k) = -k**2 + 3*k + 8. Suppose 0 = -4*r - 0 - 4. Let f(n) = n**3 - 5*n**2 - n - 2. Let s be f(5). Let v be -2 + (s + r)*-1. Determine o(v).
-10
Let p(l) = -l**3 - 5*l**2 + 7*l + 8. Let m be p(-6). Let x(s) = -1 + 0 + 0*s - 9*s + 5*s. Let g(v) = -5*v. Let b(n) = m*g(n) - 3*x(n). What is b(-4)?
-5
Let s(z) = -7294*z**2 + 5 - 6 + 7295*z**2 + 5*z. Suppose -24 - 7 = m - 5*o, -m - 3*o + 9 = 0. What is s(m)?
5
Let i(w) = -4*w - 49 + 83 + 2*w - 23. What is i(4)?
3
Let h(i) = i**3 - 12*i**2 + 19*i + 2. Suppose 0 = y - 96 + 86. What is h(y)?
-8
Let v(t) = 7*t**3 + 2*t**2 + t. Suppose 10 = 2*a + 3*a. Suppose a*n - 15 = -3*n. Suppose x = -5*o, -9 - 9 = n*o - 3*x. Calculate v(o).
-6
Let d(r) be the third derivative of -r**4/12 + 2*r**3 - 28*r**2. Give d(6).
0
Let v(c) = c**2 + 5*c - 5. Let f(p) = -p - 6. Let n be f(-11). Suppose -n*t + 8*t = -12. Let q be t*(9/(-6))/(-1). Give v(q).
1
Let p(v) be the third derivative of v**4/24 + v**3/3 + 4*v**2 + 10*v. Let r be (1 + 0)/(1/2). Determine p(r).
4
Let x(a) be the first derivative of a**4/4 - 3*a**3 + 9*a**2/2 - 8*a - 1. Let u(g) = -20*g**3 + 3*g**2 + 5*g + 6. Let m be u(-2). Let q = 176 - m. What is x(q)?
0
Let s(q) be the second derivative of -q**3/2 - q**2 + 57*q. Suppose 2*x + 0*x = -10. Let b(h) = 2*h + 1. Let u(g) = x*b(g) - 3*s(g). Determine u(5).
-4
Let d(p) = p - 1. Let z(s) = 8*s + 14. Let i(b) = -10*d(b) + z(b). Determine i(13).
-2
Suppose -3*k + 53 = 71. Let f(g) = 3*g + 7. Calculate f(k).
-11
Let u(j) be the first derivative of j**4/12 - j**3/2 + 3*j**2/2 + 16*j - 3. Let f(m) be the first derivative of u(m). Determine f(3).
3
Let w = -190 + 188. Let x(q) be the second derivative of q**4/12 + q**3/3 + q**2/2 - 2*q. What is x(w)?
1
Let w(z) = z**3 - 3*z - 3. Let c(g) = -3*g**2 - g + 2. Let a be 6/(-2) + -1 + 5. Suppose k - a = -0*k. Let s be c(k). What is w(s)?
-5
Let v(j) = -j - 2. Let z(g) = -8*g + 67. Let u be z(20). Let m = u - -88. What is v(m)?
3
Let p be (-720)/(-135) - 1/3. Let q(r) = 4*r + 5. Calculate q(p).
25
Suppose 14*g = 9*g - 195. Let f be (-8)/(-52) + 84/g. Let d(l) = l**3 + 2*l**2 + 2*l + 2. Determine d(f).
-2
Let k(o) be the second derivative of -o**4/12 - 7*o**3/6 + 5*o**2/2 + 23*o + 2. What is k(-4)?
17
Let i(d) = 7*d**2 + 6*d - 2. Let k(v) = -6*v**2 - 4*v + 1. Let y(z) = -5*i(z) - 6*k(z). Let q be 1/2 + (-33)/(-6). What is y(q)?
4
Let l(j) = -2 - 2 - 5*j - j**2 + 8*j. Suppose 86 + 19 = 2*a + f, a + 5*f = 66. Let s = a + -48. Give l(s).
-4
Let d be (-2)/4 - (-27)/6. Let y be 2 + -8 + -2 + d. Let n(a) = 7*a + 2*a**2 + 5 - 11*a - 3*a**2 + 0. What is n(y)?
5
Let y(f) be the second derivative of f**5/60 + f**4/3 + f**3/3 + f**2 - 7*f. Let b(m) be the first derivative of y(m). Determine b(-6).
-10
Let g be 5/(-25) - (-176)/5. Suppose -4*r = g - 47. Let d(a) = 3*a - 8. Let m(q) = -3*q + 9. Let s(n) = 6*d(n) + 5*m(n). Calculate s(r).
6
Let j(h) = -h**3 - 4*h**2 + h + 2. Let g = 99 - 103. Calculate j(g).
-2
Let t(y) = y + 1. Let o(l) be the third derivative of -l**3/3 - 2*l**2. Let q(n) = o(n) - 2*t(n). Calculate q(-5).
6
Let r(b) = -b**2 + 5*b + 6. Let p = -20 + 21. Let x(w) = w - 1. Let y be x(p). Suppose 6*z - 10 - 20 = y. Calculate r(z).
6
Let r(k) = -k**2 + k + 7. Let v be r(0). Let i = -46 + 48. Let u(g) = -3*g - g - g**i - g + v*g. Calculate u(2).
0
Let q(p) = -20*p**3 - p + 1. Suppose 10*k = -5*k + 15. Determine q(k).
-20
Let h(o) = -5*o + 16. Let u be (3030/404)/((-10)/(-12)). Calculate h(u).
-29
Let v(m) = -2*m**2 + 4*m**2 - 1 - 3*m**3 - 2*m + 4*m**3. Let c = 3687 - 3690. Calculate v(c).
-4
Let v = -1862 + 1867. Let x(k) = -3*k**2 - 2. Determine x(v).
-77
Let w be 4 - 6/3 - -7. Let y(g) = 2*g + 1 + 5*g**2 - 15*g**2 - w*g**2 - 3*g**2. Determine y(-1).
-23
Let n be 110/50 - (-1)/(-5). Suppose -x + n - 1 = 0. Let p(r) = r + 0 - 14*r + 0 + x. Calculate p(-1).
14
Let b(m) = 6*m**3 + 27*m**3 - 3*m**3 - 19*m**3. Calculate b(-1).
-11
Let l(m) = -2*m - 7. Let j(a) = 4*a + 16. Let s(y) = -3*j(y) - 7*l(y). What is s(-6)?
-11
Let z(m) = 2 - m - 1 - 3*m**2 + 6*m**2 - 4*m**2. Let p(v) = 4*v**2 + 10*v - 4. Let s(c) = p(c) + 3*z(c). Calculate s(-6).
-7
Let c(u) = -u + 14. Let f(w) be the third derivative of w**4/24 - 7*w**3/3 + w**2. Let m be (0 + 5)*1*-1. Let t(b) = m*f(b) - 6*c(b). Give t(6).
-8
Let p(q) = -q**3 + q**2. Let w be p(-1). Suppose 2*d + 9 = -h, -d - 6 - w = -3*h. Let z(n) = -6*n**3 + n**2 - 2*n + 1. Give z(h).
-6
Let q(h) = -19*h**2 + 5*h - 10. Let v(b) = -11*b**2 + 2*b - 5. Let c(a) = -4*q(a) + 7*v(a). Determine c(-5).
10
Let f = -34 + 38. Let r be (5/2)/((-2)/f). Let k(s) = -s**3 - 4*s**2 + 3*s - 6. What is k(r)?
4
Let r(m) = 2 + 2 - 2 + 4*m + 1. Let g(v) be the second derivative of -v**4/12 - 11*v**3/6 + 5*v**2 - 3*v. Let y be g(-12). What is r(y)?
-5
Let q(z) = -z. Let o(s) = -7*s. Let j(p) = o(p) - 5*q(p). Let l(u) = u - 2. Let g be l(-3). Let w be (-5)/3*-2 - g/(-15). What is j(w)?
-6
Suppose 2*z + 23 = 5*g, 0 = -3*g + 3*z - z + 17. Let s(y) = -20*y**3 - 4*y**2 + y + 18*y**g - 2*y + 3. Determine s(-3).
24
Suppose -11 = -2*j - 3*f + 4*f, j + 4*f = -17. Let y(z) = 44*z**2 - 44*z**2 - 2*z + 0*z**j - z**3 + 1. Calculate y(1).
-2
Let n(i) = -i**2 + 12*i + 1. Let d(k) be the third derivative of -k**5/60 + 13*k**4/24 + 6*k**2. Let q(b) = -6*d(b) + 7*n(b). What is q(6)?
7
Let c(f) be the first derivative of -f**2 + 5/3*f**3 + f + 2. Give c(1).
4
Let c(w) = 21. Let l(x) = 986. Let k(a) = -187*c(a) + 4*l(a). Let m(f) = -f + 0 - 1 + 1 - 1. Let z(g) = -k(g) - m(g). Calculate z(0).
-16
Let w(i) = 47 + i**3 - 23 - 18 - 18 + 12*i + i**2 - 13*i**2. Calculate w(11).
-1
Let a(k) be the first derivative of 3*k**2/2 + 13*k - 599. Give a(-4).
1
Suppose 0 = -2*f - 8 + 58. Let g be 15/f + 14/10. Let z(q) = -q - 6 - 2*q**3 + 7*q**3 - 4*q**3 + 0*q**g + q**2. Give z(0).
-6
Let g(b) = -3*b**3 + 13*b**2 - 2*b + 8. Let n(u) = 5*u**3 - 23*u**2 + 4*u - 15. Let k(v) = 7*g(v) + 4*n(v). What is k(0)?
-4
Let v be -14*(1 + (-52)/28). Suppose 3*i = -4*w + v, 2*i - 2*w - 2*w = -12. Let q(m) = -3*m + 2*m - 9*m**2 + i*m + 4*m**2 - 5 - m**3. Determine q(-5).
0
Let l = -3 - -2. Let d(b) be the second derivative of -b**5/4 - b**4/12 + b**3/6 + b**2/2 + 240*b. Determine d(l).
4
Let h(b) = 302 + 12*b**2 - 306 + 4*b - 11*b**2. Suppose 3*t = -2*t - 30. Give h(t).
8
Let w(t) be the second derivative of t**5/20 - t**4/12 - t**3/6 - 9*t**2/2 - 6*t. Let j = -12 + 17. Suppose -4 = j*y - i, 3*y + 2*i = -2*y + 8. Determine w(y).
-9
Let z(o) be the first derivative of -o**2/2 - 4*o - 3. Suppose -5*b + 3*y = 50, 0*y = 4*b - 3*y + 40. Give z(b).
6
Let z(k) = 5*k**2 - 3*k - 2. Let d be z(-1). Let s(b) = -3 + 8 + 2*b + 1 - d*b**2 - b**3 + 7*b. Give s(-7).
-8
Let i(v) = -v**2 + 13*v - 17. Let u = -112 - -121. Let r = u - -3. Give i(r).
-5
Let p(w) be the third derivative of 0 + 10*w**2 + 0*w - 7/6*w**4 + 1/6*w**3. Give p(1).
-27
Let x(m) = -5*m - 4*m - 124 + 115 + m**2. Determine x(10).
1
Let o(p) be the third derivative of -p**8/20160 + p**7/1680 + p**6/360 - p**5/6 + 10*p**2. Let w(m) be the third derivative of o(m). What is w(-2)?
-8
Let v(t) = 9*t. Let j(k) = -4*k. Let o(l) = 5*j(l) + 2*v(l). Let h be o(2). Let m(u) = 2*u - 5 + 2 + u**2 + 2*u. Determine m(h).
-3
Let q = 14 - 12. Let o(w) = -4*w + 5 + q*w**2 + 4*w**2 - 7*w**2. Let l = -18 + 12. What is o(l)?
-7
Let y = 5 - 0. Suppose y*s = -3 - 2. Let i(c) = c**2 - c - 1. Determine i(s).
1
Let s(k) = k**3 - 9*k**2 - 2. Let q(v) = 6*v**2 + 5 - 72*v**3 + 7*v + v + 73*v**3 - v. Let j be q(-4). What is s(j)?
-2
Let x(m) be the second derivative of -m**4/6 - m**3/2 - m**2/2 - 20*m - 1. Determine x(-3).
-10
Let t(c) = -4*c + 1. Let f(a) = a. Let p(o) = 6*f(o) + t(o). Determine p(4).
9
Let v(k) = -28*k - 9. Let x(g) = 10*g + 3. Let t(m) = -6*v(m) - 17*x(m). Calculate t(2).
-1
Let b(h) = -8*h + 2 + 109*h**3 - 42*h**3 - 68*h**3 + 5*h**2. Determine b(3).
-4
Let r(s) = -3*